z**3 + 2*z**2 + 2*z + 4. Let q be n(-3). Suppose -20*t + q = -22*t. Let u = -5 - t. Is u a prime number?
False
Let n = -388558 - -709401. Is n a composite number?
False
Suppose -h + 35 = -5*c - 4*h, -3*c + 4*h - 21 = 0. Let w(a) = 46 - 17*a - 19*a + 42*a - 17*a. Is w(c) a composite number?
True
Let p be (-7330)/15*(-39)/2. Suppose x = -4*r + p, 5*x + 2*r - 6617 = 40938. Is x a composite number?
True
Let b be 14/16 - 4/(-32) - 93. Let v be (1/4*-2)/(2/b). Suppose 20*z + 2661 = v*z. Is z a prime number?
True
Suppose 0 = -4*k + 13 + 7. Suppose -5*s - 23970 = -5*q, -k*s + 14358 = -4*q + 7*q. Is q a prime number?
False
Let h = 36 - -15. Let v = h + -45. Suppose -w + v*w - 5*m - 20500 = 0, -9 = -3*m. Is w a composite number?
True
Let n be 5*-5*6/(-150). Let d = -68 - -70. Is (23076/(-72))/(-1*n/d) prime?
True
Let r(h) = 3*h**2 - h + 3559. Let v = 59 - 59. Let p be r(v). Suppose -2*o + p = -u, 2*o = -8*u + 3*u + 3577. Is o a composite number?
True
Let x(l) = 428*l + 5. Let t be x(1). Let p = 21 + t. Is p a prime number?
False
Is 10843044/180 + (-12)/90 + 8 prime?
False
Let s = -48428 - -116025. Is s a prime number?
False
Let x = -483937 - -791828. Is x composite?
False
Suppose -17*g - 33 = 2364. Let x = 139 + g. Is (-1)/x*16674/3 a prime number?
False
Suppose -42*r + 2302161 - 701163 = 0. Is r prime?
True
Suppose 2 = -0*d - d, -5*j - 5*d = -53755. Suppose 38*i - 37*i = j. Is i prime?
True
Let k be (-60)/(-80)*32/6. Suppose k*t = 8*t. Is (1 - 2)*(t - 581) composite?
True
Is (-3)/24*-526364*2*1 prime?
True
Let k be (-15)/10*(16 + 2)*1. Let y = k - -25. Is 1349 + (0/y - (4 - 1)) a composite number?
True
Let z(p) be the first derivative of -1979*p**4/4 - 2*p**3/3 - 3*p**2/2 - p + 27. Is z(-1) a prime number?
True
Let a = -24816 + 82985. Is a prime?
True
Suppose 0 = -0*g - 12*g - 48. Is g + 4656/4 - 9 a composite number?
False
Suppose 3*u = 4*c + 883395, 0 = 29*u - 34*u - 2*c + 1472299. Is u a prime number?
True
Let k(d) = -2*d**2 - 4*d + 1005. Let z be k(0). Suppose 3*j + 3*o = z, j + 3*o + 1643 = 6*j. Is j a composite number?
False
Suppose 0 = i + 12*i - 727831. Suppose -11*l = -8968 - i. Is l composite?
True
Let t = -147 + 156. Is 12/t + -2 + (-8601)/(-9) prime?
False
Suppose 521*y = 516*y + 5*a + 8077075, y + a - 1615407 = 0. Is y composite?
True
Let o(c) = -2*c**3 - 3*c**2 - 15*c - 10. Let d be o(-7). Suppose -51*b = -49*b - d. Is b a composite number?
False
Let k(w) = w**3 - 27*w**2 + 26*w + 34. Let q be k(26). Suppose q*m - 26*m = 10232. Is m prime?
True
Is (-14)/6 + (-7079756)/(-402) composite?
False
Suppose u - p - 34441 = 0, -2*p + 5*p = u - 34439. Suppose -6*j = -9772 - u. Is j composite?
False
Let w(u) = 56*u - 8. Let p be 182/14 + (-6)/2. Let k be w(p). Let m = k + -293. Is m prime?
False
Let i(j) = -134*j - 9. Let q(h) = -h**3 - 14*h**2 + h + 7. Let c be q(-14). Is i(c) a composite number?
False
Suppose -5*i = 3*z + 2396 + 1034, 2*i - z = -1361. Let o = i + 2656. Is o a prime number?
True
Suppose 4*d + 20 = 2*f, -3*f = -f - 3*d - 15. Suppose f = -3*c - 5*b - 9, 4*c - b - 8 - 3 = 0. Is c/4 + (-3341)/(-2) a composite number?
True
Let g = 3 - 1. Let n be (g/(-4))/(5/410). Let f = 184 + n. Is f a prime number?
False
Let s(i) = 103*i + 30. Let a be 1 + 3 + 8/(-4). Suppose a*x + 3*p = 14, -p - 2*p = 4*x - 28. Is s(x) a prime number?
True
Let a = -256453 + 364194. Is a composite?
False
Suppose -4*m = 4*d - 4020, -m + 1010 = -0*m + 2*d. Let s = 1413 - m. Is s a prime number?
False
Suppose a + 2*c = 3, 25*c - 26*c = 2*a - 6. Suppose -a*d = -7007 - 1108. Is d prime?
False
Suppose 0 = -6*u + 5*f + 2686818, -10*u + 15*u - 2239015 = 5*f. Is u prime?
False
Let s = 134680 + 91201. Is s a composite number?
True
Let b be 39/(65/342 - (-3)/(-27)). Suppose 0 = -4*v + b + 1566. Is v a prime number?
False
Let x = -342997 + 644674. Is x composite?
True
Let p = -17 + 19. Suppose p*g - 5*g + 11435 = 5*o, 0 = 5*o - 20. Suppose 0 = 29*l - 24*l - g. Is l prime?
True
Suppose -3*x + 2*w + 5 + 2 = 0, -4*w = -2*x + 10. Is 10427/((15/30)/(x/2)) composite?
False
Suppose 28594748 + 13539881 = -20*o + 73*o. Is o composite?
False
Let z be 20/70 - (1 + (-126528)/14). Suppose 0 = w - 8*w + z. Is w a prime number?
True
Is ((-11931110)/(-15))/17 + -3*(-2)/18 composite?
True
Let x(f) = -2502*f**3 - 3*f**2 + 55*f + 193. Is x(-5) composite?
True
Is (-87497)/(-9) - -9*24/1944 composite?
True
Let h = 16356 - 8035. Is h prime?
False
Let g(t) = -856*t + 39. Let p(a) = 1284*a - 59. Let i(c) = 8*g(c) + 5*p(c). Let f be i(-18). Suppose 4*l = 3*v - f, 2*l - 6*l = -2*v + 5150. Is v composite?
True
Suppose 16 - 10 = -3*o. Is (-19188)/(-8) - (7/o)/7 composite?
False
Let n be (-237)/(6*(-4)/16). Let y(l) = -l**2 - 3*l. Let b be y(0). Suppose 2*h - n - 160 = b. Is h a composite number?
True
Let w(y) = 4016*y - 10969. Is w(11) prime?
False
Suppose -4*f - 9*p = -7*p - 16, -3*f - 5*p + 12 = 0. Suppose -s = -5*l + 39072, s + 18238 = f*l - 13020. Is l a prime number?
False
Suppose 7*q - 19975 = 23159. Suppose 7*f - f - q = 0. Is f a prime number?
False
Let s(l) = -37*l + 26. Let t(n) = -7*n + 5. Let k(d) = -2*s(d) + 11*t(d). Let y be k(1). Is (-1257)/(-3*(y - -1)) a composite number?
False
Let v(a) = 7*a**2 - 14*a - 1. Let w be 10/(-8) + (-6)/(-3*8). Let s = 5 - w. Is v(s) prime?
True
Is 2/(76970/(-6415) + 12) prime?
True
Suppose 25*b - 28*b = 5*v - 451399, 0 = -2*v - 8. Is b prime?
True
Let n(p) = -3*p - 57. Let c be n(-20). Let f(o) = 1294*o + 107. Is f(c) composite?
False
Let h(b) = -636*b - 48. Let d be h(6). Let s = d + 2700. Is ((-2)/(-8))/((-3)/s) a prime number?
True
Suppose -643*a = -517*a - 13412826. Is a prime?
True
Suppose -j - 2*b = -3328, -2*j - j + 3*b + 10011 = 0. Let f = j - 2093. Is f a prime number?
False
Let u(x) = 8*x**2 + 3*x + 31. Let a be u(-9). Suppose -s - 5*c + 786 = -a, 5*s - 2*c = 7190. Is (0 - 4 - -3) + s prime?
False
Suppose 34*z + 19666 = 70469 + 174379. Is z a composite number?
True
Let k(v) = -55*v**2 + 17*v - 11. Let c be k(16). Let p = -6914 - c. Is p composite?
True
Let z = 167658 + -64351. Is z a composite number?
False
Suppose -u + 5*x = -13, -6*u + u + 4*x = -86. Is 2638/(((-132)/u)/(-11)) composite?
True
Let q be 33/9 - 4/6. Let x(v) be the first derivative of 16*v**3/3 + 3*v**2/2 - 4*v + 236. Is x(q) prime?
True
Is 9898*(-106)/(-8) + 198/396 a prime number?
True
Let t be (6/(-2))/((-1911)/(-644) - 3). Is (t/8)/(3/534) composite?
True
Let i(f) = -494*f - 163. Is i(-1) composite?
False
Suppose 3*c = i - 11 - 1, 0 = -4*c - 4*i. Is ((-1)/(-2) - 0)/(c/(-7662)) composite?
False
Suppose 0 = -2*i - 7*m + 4*m - 2, -3*i + 4 = m. Is i/(-3) - (-25)/30*1370 a composite number?
True
Let p(x) be the third derivative of -5/24*x**4 + 38*x**2 + 413/10*x**5 + 0 + 0*x - 2/3*x**3. Is p(-1) composite?
True
Suppose -2*f + 8990 = 3*x, 5*f - 22468 = -0*x - 4*x. Let b be (-32)/3 - (-4)/6. Is 1/(-5) - f/b composite?
False
Suppose 3*i - 25*d = -27*d + 2117783, 0 = -5*i + 5*d + 3529655. Is i a composite number?
True
Suppose 0 = -5*v + 12*v - 148197. Suppose v = 6*x - 4323. Is x a prime number?
False
Let j(k) = 18*k**2 - 108*k + 685. Is j(48) prime?
True
Let d = 186 - 93. Let i = -92 + d. Let c(t) = 2178*t**3 - t**2 + t - 1. Is c(i) a prime number?
False
Suppose -74*x - 10359387 = -101*x. Is x a composite number?
False
Let n be ((-33798)/387)/(4/(-1158)). Let q = 8415 + 6279. Let l = n - q. Is l a prime number?
True
Suppose -14*u + 793 = -u. Let z = u - 57. Suppose -c - 3*c - p = -2531, z*p + 4 = 0. Is c a prime number?
False
Let y(n) = -n**2 + 7*n + 59. Let c be y(12). Is (-3162 + c)/((7 + -4)/(-3)) composite?
False
Let r be (-276)/8 + (-2)/4. Let a be -2 + (42/r)/((-3)/10). Suppose -a*p = -1340 + 298. Is p a composite number?
False
Let c(b) be the third derivative of 35/6*b**3 + 0 + 13/3*b**4 - 21*b**2 + 0*b. Is c(13) a prime number?
False
Suppose 0 = -44*u + 47*u - 780. Let g = u + -37. Is g prime?
True
Let x = -19 - -22. Suppose -4*f + 63 = 3*v, 0*f - 3*v = -x*f + 63. Suppose 0 = z - f - 109. Is z prime?
True
Suppose -69*p - 74*p - 280232 = -151*p. Is p prime?
False
Let m(z) = -13 + 16 + 25 + 19*z - z**3 + 46*z**2 + 11. Is m(28) a prime number?
True
Let v(l) = -9*l. Let b be v(1). Let w(h) = 205*h + 14*h + 20 - 456*h. Is w(b) prime?
True
Suppose 4301*s + 5010208 = 4333*s. Is s pri